actors of 76408585.
5, 11, 283, 4909
What are the prime factors of 846029322?
2, 3, 47001629
What are the prime factors of 2204393354?
2, 157, 7020361
List the prime factors of 24509749.
11, 2228159
List the prime factors of 119457367.
2239, 53353
What are the prime factors of 6106547894?
2, 97, 31477051
What are the prime factors of 40668242?
2, 20334121
List the prime factors of 396329690.
2, 5, 39632969
List the prime factors of 840595471.
79, 10640449
List the prime factors of 5632672736.
2, 176021023
List the prime factors of 62752750.
2, 5, 103, 2437
List the prime factors of 1258646798.
2, 193, 1523, 2141
What are the prime factors of 388022844?
2, 3, 11, 2939567
List the prime factors of 1358969046.
2, 3, 751, 301591
What are the prime factors of 1354585543?
47, 59, 179, 2729
List the prime factors of 41706897.
3, 67, 207497
What are the prime factors of 7605865006?
2, 3802932503
List the prime factors of 1669688546.
2, 3727, 223999
List the prime factors of 2702730885.
3, 5, 97, 1857547
List the prime factors of 990289043.
71, 211, 66103
What are the prime factors of 197568104?
2, 313, 78901
List the prime factors of 122819037.
3, 11, 47, 79187
List the prime factors of 17926894.
2, 101, 88747
What are the prime factors of 199379997?
3, 2347, 9439
List the prime factors of 983259419.
1487, 661237
What are the prime factors of 4660504901?
13, 12107, 29611
What are the prime factors of 4983161117?
11, 23, 151, 130439
List the prime factors of 785964461.
785964461
What are the prime factors of 184724552?
2, 23090569
What are the prime factors of 632433624?
2, 3, 29, 908669
List the prime factors of 1168446126.
2, 3, 41, 4749781
List the prime factors of 300186383.
7, 42883769
List the prime factors of 393395276.
2, 98348819
List the prime factors of 97214357.
31, 43, 233, 313
List the prime factors of 97416628.
2, 24354157
What are the prime factors of 1093432204?
2, 273358051
What are the prime factors of 21978674?
2, 653, 16829
What are the prime factors of 397578418?
2, 198789209
List the prime factors of 126063843.
3, 857, 49033
What are the prime factors of 49622577?
3, 109, 263, 577
List the prime factors of 308938553.
7, 11, 23, 174443
What are the prime factors of 33727570?
2, 5, 3372757
List the prime factors of 3551681765.
5, 29, 211, 4003
List the prime factors of 634973021.
37, 17161433
What are the prime factors of 13404811?
7, 61, 31393
List the prime factors of 61355482.
2, 17, 163, 11071
List the prime factors of 801914662.
2, 61, 6573071
List the prime factors of 1408074095.
5, 31, 9084349
List the prime factors of 264719134.
2, 19, 29, 47, 269
List the prime factors of 37345989.
3, 3037, 4099
What are the prime factors of 29905655?
5, 13, 460087
What are the prime factors of 1006001011?
191, 2293, 2297
What are the prime factors of 42212387?
7, 103, 127, 461
What are the prime factors of 118197312?
2, 3, 83, 7417
What are the prime factors of 3148672957?
3148672957
List the prime factors of 71155811.
461, 154351
What are the prime factors of 13739011?
11, 13, 29, 3313
What are the prime factors of 4552402884?
2, 3, 127, 2987141
What are the prime factors of 401351236?
2, 11, 13, 47, 14929
What are the prime factors of 43642436?
2, 10910609
List the prime factors of 40399897.
337, 119881
List the prime factors of 75788292.
2, 3, 6315691
What are the prime factors of 137197472?
2, 239, 17939
List the prime factors of 181269003.
3, 23, 61, 43067
What are the prime factors of 1021839777?
3, 7, 2317097
List the prime factors of 1161974371.
6449, 180179
What are the prime factors of 12044405?
5, 239, 10079
What are the prime factors of 253774797?
3, 683, 123853
List the prime factors of 2005069626.
2, 3, 7, 941, 1879
What are the prime factors of 7073739930?
2, 3, 5, 23, 10251797
List the prime factors of 64763210.
2, 5, 19, 340859
What are the prime factors of 16820010?
2, 3, 5, 186889
List the prime factors of 1246809817.
11, 113346347
What are the prime factors of 7590993?
3, 17, 251, 593
List the prime factors of 11123634.
2, 3, 1853939
List the prime factors of 974273161.
673, 823, 1759
What are the prime factors of 629484009?
3, 7, 11, 43, 127, 499
List the prime factors of 55529683.
11, 107, 4289
List the prime factors of 874431415.
5, 11, 13, 31, 39451
What are the prime factors of 34120039?
2927, 11657
List the prime factors of 4196736444.
2, 3, 71, 4925747
List the prime factors of 14892552.
2, 3, 68947
What are the prime factors of 515333337?
3, 149, 541, 2131
What are the prime factors of 4579321186?
2, 11, 208150963
What are the prime factors of 1985438811?
3, 263, 599, 4201
List the prime factors of 35757507.
3, 239, 49871
List the prime factors of 1861326667.
179, 2351, 4423
What are the prime factors of 2200610542?
2, 13, 84638867
List the prime factors of 164809192.
2, 19, 271, 4001
List the prime factors of 132519087.
3, 14724343
What are the prime factors of 442271084?
2, 73, 647, 2341
What are the prime factors of 4114503918?
2, 3, 7, 2683, 4057
What are the prime factors of 97190096?
2, 6074381
List the prime factors of 392590380.
2, 3, 5, 7, 13, 5531
What are the prime factors of 37542069?
3, 17, 89, 919
What are the prime factors of 3053441699?
7, 11, 2087, 19001
List the prime factors of 77617715.
5, 7, 41, 7727
List the prime factors of 372470780.
2, 5, 11, 29, 79, 739
What are the prime factors of 122512162?
2, 61256081
What are the prime factors of 104164681?
31, 541, 6211
What are the prime factors of 23466096?
2, 3, 89, 1831
What are the prime factors of 19709078?
2, 79, 1579
What are the prime factors of 1182594582?
2, 3, 13, 809, 6247
List the prime factors of 201630389.
3433, 58733
List the prime factors of 115598405.
5, 13, 43, 59, 701
What are the prime factors of 41700279?
3, 83, 167471
List the prime factors of 6532323186.
2, 3, 97, 11223923
What are the prime factors of 1335518200?
2, 5, 1579, 4229
What are the prime factors of 199043501?
29, 157, 43717
List the prime factors of 4002479157.
3, 47, 1361, 20857
What are the prime factors of 187209089?
187209089
List the prime factors of 4992961759.
19, 647, 21377
List the prime factors of 54741368.
2, 11, 53, 97
List the prime factors of 67946849.
1249, 54401
What are the prime factors of 1971083?
89, 22147
List the prime factors of 19900445.
5, 3980089
What are the prime factors of 88149682?
2, 44074841
List the prime factors of 110846470.
2, 5, 7, 1583521
What are the prime factors of 43488745?
5, 23, 378163
What are the prime factors of 1036518649?
61, 149, 114041
List the prime factors of 121369218.
2, 3, 20228203
What are the prime factors of 1245576446?
2, 61, 10209643
List the prime factors of 101421548.
2, 25355387
What are the prime factors of 1066243158?
2, 3, 59235731
What are the prime factors of 1307811310?
2, 5, 13, 443, 22709
List the prime factors of 159431179.
3083, 51713
What are the prime factors of 430602074?
2, 7, 30757291
What are the prime factors of 4373753074?
2, 2186876537
What are the prime factors of 35018428?
2, 29, 37, 41, 199
What are the prime factors of 169272424?
2, 43, 179, 2749
What are the prime factors of 52065995?
5, 10413199
List the prime factors of 9011551.
9011551
List the prime factors of 115654715.
5, 11, 137, 15349
What are the prime factors of 3432404931?
3, 23, 1163, 42773
List the prime factors of 20762913.
3, 677, 10223
What are the prime factors of 2960666963?
19, 79, 163, 12101
List the prime factors of 3312681809.
3312681809
List the prime factors of 65328899.
65328899
What are the prime factors of 222304380?
2, 3, 5, 131, 28283
What are the prime factors of 135968937?
3, 13, 179, 19477
List the prime factors of 2449637154.
2, 3, 317, 47701
List the prime factors of 349926829.
7, 53, 943199
What are the prime factors of 620521201?
620521201
What are the prime factors of 2136638941?
47, 101, 450103
List the prime factors of 1525515180.
2, 3, 5, 7, 37, 89, 1103
What are the prime factors of 274955259?
3, 829, 110557
List the prime factors of 9526848.
2, 3, 29, 59
What are the prime factors of 3042147472?
2, 7, 13, 101, 137, 151
What are the prime factors of 234096137?
11, 17, 1251851
What are the prime factors of 69563254?
2, 479, 72613
What are the prime factors of 123496305?
3, 5, 41,